 5. Let h be a(-9). Let w = 275 - h. Suppose 96*l - 95*l = w. Calculate the greatest common divisor of 9 and l.
9
Let j(p) be the first derivative of p**2/2 + 11*p + 18. Let q be j(-6). Let g be (3 - q)*2/(-2). What is the highest common divisor of g and 2?
2
Suppose 0 = -279140*h + 279154*h - 840. Calculate the greatest common divisor of 235 and h.
5
Let v(a) = 7*a - 2 + 9 + 21 + 3*a. Let y be v(4). What is the highest common factor of 51 and y?
17
Suppose 5*w + 91 = -79. Let n = 84 - 46. Let p = w + n. What is the greatest common divisor of 1 and p?
1
Let x be ((-1)/(-1))/((-1)/(-19)). Let v = -16 + x. Let o be 34/v - 48/(-72). Calculate the greatest common divisor of o and 24.
12
Suppose 260 = 5*q - z, 2*q + z + 3*z = 82. Suppose -4*x - q + 143 = 0. Calculate the highest common factor of x and 391.
23
Let t = -5093 + 5104. Suppose -m = r - 2*m - 222, -3*m = r - 242. Suppose -r = -5*k + 378. What is the highest common divisor of k and t?
11
Let w(t) = 5*t**3 - 12*t**2 + 5*t - 14. Let r be w(3). What is the highest common divisor of 476 and r?
28
Let g = 3741 - 3253. What is the highest common divisor of g and 3782?
122
Let k(l) be the first derivative of 23 + 5/2*l**2 + 4*l - 50*l**4 + 1/3*l**3. Let h be k(-1). What is the highest common factor of h and 20?
20
Suppose 2*c + 2*s = 8, 3*s - 15 = -2*c - 2*c. Suppose -5*v - c*v - 25664 = 0. Let k be 2/(-10) + v/(-40). Calculate the greatest common divisor of k and 16.
16
Let p(g) = -g**3 + 12*g**2 + 63*g + 19. Let a be p(16). Calculate the highest common divisor of 1557 and a.
3
Suppose 529 = -42*x + 823. Suppose -2*z + 3*z - 3 = 0. Calculate the greatest common factor of z and x.
1
Let p(z) = z**2 - 13*z - 4. Let d(v) = v**2 - 11*v - 18. Let b be d(13). Let s be p(b). Let m = s - -72. Calculate the highest common divisor of m and 35.
7
Let u be -3*2/4*(-144)/108. Let n be (2 - 4/u)/(3 - 4). Let w be (-612)/(-3 - n) - 4. What is the highest common factor of 25 and w?
25
Let a = -32 + 61. Suppose -3*r + 4*w - 8*w = -13, 0 = 4*r + 5*w - 18. Let i be 17 + 21 + 101 + -1 + r. What is the highest common divisor of i and a?
29
Let b(u) = -2*u**2 + 8*u - 14. Let j be b(9). Let h = 109 + j. Suppose h*m = 229 + 11. What is the greatest common factor of m and 120?
24
Let a be ((-34)/136)/((-2)/72). Let o be 0 - a/(54/(-480)). What is the highest common factor of 5 and o?
5
Suppose 2*s = 2, 178*q + 3404 = 182*q - 4*s. Calculate the greatest common factor of 60 and q.
12
Let g = 49 + -45. Suppose 0 = g*v - 12 - 224. Let u = 63 - v. What is the highest common factor of 20 and u?
4
Let a be 18/9*(-18)/(-4). Suppose -5 = q - a, 3*m - 5*q - 22 = 0. What is the greatest common divisor of 70 and m?
14
Suppose 2 = 92*x - 90*x, 0 = 3*q - 3*x - 105. Suppose -j + 250 = -4*d, -2*d = j + 2*d - 218. Calculate the greatest common divisor of q and j.
18
Let d = -1189 - -1186. Suppose 3*i - 104 = -5*s, 3*i - 3*s = -s + 76. Let o be d/(-7) - (-296)/i. What is the greatest common factor of o and 99?
11
Let w(f) = 3*f + 84. Let q(j) = -4*j + 153. Let s be q(42). Let c be w(s). What is the highest common divisor of c and 208?
13
Let k be -5*(1 - 0) + 279/93. Let c(g) = -35*g - 28. Let w be c(k). What is the greatest common divisor of w and 224?
14
Suppose 2016 = -279*x - 282*x + 569*x. Calculate the greatest common factor of x and 2716.
28
Let h(j) be the second derivative of j**5/4 + 2*j**3/3 - 7*j**2/2 + 2*j - 5. Let z be h(3). Calculate the highest common factor of z and 100.
20
Suppose -6*l + 45 = 21. Suppose l*n = -14*n + 90. What is the greatest common divisor of 160 and n?
5
Let m(a) = 60*a**2 - a**3 - 12*a - 6 + a - 114*a**2 + 65*a**2. Let g be m(9). Calculate the greatest common divisor of 76 and g.
19
Let k(f) = -f**3 + 7*f**2 + 100*f - 4. Let w be k(14). Calculate the highest common factor of w and 6168.
24
Suppose -v + 13 = -5*y, 5*y - 12 + 37 = -5*v. Let d be y + (-80)/(-14) - 2/(-7). Suppose 56 = d*l + 4*l. Calculate the highest common divisor of l and 16.
8
Let l(m) = -11*m**2 + 54*m + 4. Let s be l(5). Let x be 422 + s + 8 + -6. Calculate the greatest common factor of x and 9.
9
Suppose 121*n + 1181 = 25381. What is the highest common factor of n and 24?
8
Let z = -6440 - -6940. Calculate the highest common divisor of z and 11750.
250
Suppose 21 = 96*l - 95*l. Let a(y) = -10*y + 14*y**2 - 22*y**3 + 19 + l*y**3 + 0*y - 4*y. Let s be a(11). What is the highest common factor of s and 12?
12
Suppose 12*r = -5*d + 17*r - 3585, d + r = -717. Let i = -549 - d. Calculate the greatest common divisor of i and 72.
24
Let a be -36*45/(-36) + -12. What is the highest common divisor of 12 and a?
3
Let k = 3039 - 2982. Calculate the greatest common factor of 4389 and k.
57
Let z be (((-164)/6)/2)/((-144)/432). What is the highest common factor of z and 2173?
41
Let l = 207 - 388. Let v = l - -205. Calculate the greatest common divisor of 64 and v.
8
Suppose 0 = q + 2*h - 11188, 0 = -23*q + 19*q + 5*h + 44687. Calculate the highest common divisor of q and 92.
46
Let b(k) = -2297*k + 336. Let t be b(-2). What is the greatest common factor of 17 and t?
17
Suppose -2458 = -2*v - 562. Calculate the highest common divisor of v and 36.
12
Let r = -187 + 183. Let o be r/(-34) - 1084/(-34). What is the greatest common factor of o and 176?
16
Suppose 693*b + 8 = 697*b. Let c be (4/6)/(b*11/5643). What is the highest common divisor of c and 114?
57
Let a = 3022 + -2956. Let k be (-22)/((-5)/((-150)/(-4))). Calculate the highest common factor of k and a.
33
Suppose -4*t - 5*d + 10 = -0*d, 4*t + d - 18 = 0. Suppose -65 = -t*y + 5*n, 5*n - 2 = y - 19. Let g = y + 44. What is the greatest common divisor of 7 and g?
7
Suppose 0 = 3*f - 168. Suppose 14*i - 22*i = -f. Calculate the highest common divisor of i and 399.
7
Let m(r) be the second derivative of -2*r**3/3 - 9*r**2 - r. Suppose -29*f - 2*f - 217 = 0. Let y be m(f). What is the highest common factor of y and 30?
10
Suppose 0 = n - 2*d - 6556, 14*d = 2*n + 17*d - 13105. Calculate the highest common factor of 116 and n.
58
Suppose 30*z - 10682 = 16*z. Let g = -520 + z. What is the greatest common factor of 9 and g?
9
Let b(k) = -32*k - 252. Let t be b(-8). Let d be 13/(-1*(-1)/3). Suppose -l + d = -5*y, 54 = 2*l - t*y + 2*y. What is the highest common factor of 36 and l?
12
Suppose 5*n - 15*n - 5*n = 0. Suppose n = 2*r + 4*d - 12 - 62, 3*r - 113 = -4*d. Calculate the greatest common divisor of r and 13.
13
Suppose 8*q = 13*q - 135. Let w = -22 + q. Suppose 140 = 4*a - 3*l, 0 = -w*a + l + 4*l + 175. Calculate the highest common divisor of a and 7.
7
Let h(x) = 2*x - 59. Let y be h(51). What is the greatest common divisor of 1161 and y?
43
Suppose -24*j = 316 - 1156. Suppose -43*y + 49*y - 30 = 0. Calculate the greatest common factor of j and y.
5
Let a be (-2 - -1)*-1 - -3. Suppose a*q = 16 - 52. Let i be 3/2*(-138)/q. What is the highest common divisor of 184 and i?
23
Let n(t) = t + 16. Let p be n(-12). Suppose 0*g = p*g - 864. Let b be g/(-20)*(-50)/15. Calculate the greatest common divisor of b and 18.
18
Suppose 4*n = -5*x - 5 - 5, -n = 2*x + 1. Suppose x*s + 2*s - 264 = 0. Let u = 127335 + -127291. Calculate the greatest common divisor of s and u.
22
Let l = -65 + 74. Suppose 0 = l*o + 12 - 246. Suppose -r + o = r. Calculate the highest common factor of 117 and r.
13
Let y be ((-3)/15 + 304/320)/((-3)/(-2620)). What is the highest common factor of 131 and y?
131
Let a be -4 - ((-560)/14 - 19). What is the greatest common divisor of 345 and a?
5
Let y(v) = -7*v - 11. Let h be y(-4). Let p = -6 + h. Suppose -3*t + 3*r - 5*r + p = 0, -2*t + 4 = 2*r. Calculate the greatest common factor of t and 7.
7
Suppose -17 + 21 = v. Suppose -v*m = 4*f - 121 - 47, -5*f = m - 190. Let h(y) = 7*y**2 + 5*y - 1. Let r be h(-8). What is the highest common factor of r and f?
37
Let q = 535 - 399. What is the greatest common factor of q and 136?
136
Let p(v) = -10*v + 168. Let r be p(8). Let c(y) = 2*y**2 - 8*y + 44. Let z be c(11). What is the greatest common factor of z and r?
22
Suppose 0 = 2*g + 2, -3*z + g - 129 = -5*z. Let v be ((-38)/152)/((-2)/520). Calculate the highest common divisor of z and v.
65
Let b(y) = -y**3 - 8*y**2 - 10*y + 7. Let t be b(-7). Suppose -t*a + 779 = -761. Let n be (2/